8*y**2 - 10*y + 105. What are the prime factors of r(9)?
2, 3, 7, 37
Let w(v) = 9*v**2 - 3*v + 3. Let c be w(3). Suppose -5*a + c + 26 = 3*l, -3*l = -4*a - 146. List the prime factors of l.
2, 3, 7
Let w = 13 + -11. Suppose -5*t - 25 = 0, 0 = -0*f - w*f + 5*t + 39. Suppose v - f*v + 234 = 0. List the prime factors of v.
3, 13
Let w be 15/2 + 1/2. Suppose w*c - 4*c = 324. What are the prime factors of c?
3
Let p = 1974 - 911. What are the prime factors of p?
1063
Let j = -94 + 60. Let u = j + 41. List the prime factors of u.
7
Let q(v) = -v**2 + 38*v + 22. What are the prime factors of q(29)?
283
Let x be -1 + (-28 - (-4)/(-1)). Let k = x - -74. What are the prime factors of k?
41
List the prime factors of (1828/12)/(31/372).
2, 457
Let b(k) = -k + 7. Let a be b(5). List the prime factors of (4/3)/(a/471).
2, 157
Let l be (8/(-6))/(1/(258/(-4))). Suppose 0 = -s + 269 - l. What are the prime factors of s?
3, 61
Suppose 2723 = 5*l - 4*w, -4*w = 4*l + w - 2203. List the prime factors of l.
547
Let y be 4 + 33/(-27) + 2/9. Suppose -607 = -y*d + 5*o + 286, -2*o = -d + 296. List the prime factors of d.
2, 3, 17
Let l(z) = -z**3 + 3*z**2 + 2*z. Let x(t) = -t**2 - 14*t - 18. Let f be x(-11). Let i = f + -18. What are the prime factors of l(i)?
2, 3
Suppose -r + 5*k + 363 = 0, -3*r + 4*k + k = -1089. What are the prime factors of r?
3, 11
Let k = 28 + -28. Suppose -4*z + 6*z = k. Suppose 0 = -2*q + 2, z*v + 217 = 4*v + 5*q. What are the prime factors of v?
53
Suppose -5*o + 0 - 10 = h, h = -4*o - 7. Suppose 150 = 5*f - 5*n, h*f - 3*n - 106 = 46. What are the prime factors of f?
31
Let h = 7 - -7. Let u(w) = -2*w + 37. Let v(i) = -i + 19. Let s(x) = -3*u(x) + 7*v(x). List the prime factors of s(h).
2
Let b be 32/12*(-30)/8. Let n be 15/6*(-56)/b. Suppose -f + n = -3. What are the prime factors of f?
17
Let a(r) = r**3 - 29*r**2 + 28. Let j = 57 + -28. What are the prime factors of a(j)?
2, 7
Suppose -6*b + 27 = 9. Suppose -75 = -2*y - y - b*s, 5*y - 141 = -s. What are the prime factors of y?
29
Suppose 12 - 2 = -2*o + 3*q, -q - 37 = 3*o. Let u(b) be the second derivative of b**3/6 + 7*b**2 - 95*b. List the prime factors of u(o).
3
Let t(p) = -p**3 - 17*p**2 - 18*p - 2. Let m(i) = -3*i + 3*i**3 + 12*i**2 - 6*i**2 - 5*i**2 - 2. Let q be m(-2). List the prime factors of t(q).
2, 3, 5
Let m = -3537 - -5098. What are the prime factors of m?
7, 223
Let r = -121 - -108. What are the prime factors of ((-24)/r - 2) + 51408/208?
13, 19
Suppose -25 = -5*s, q = 4*q - 4*s - 15658. What are the prime factors of q?
2, 3, 13, 67
Suppose -3*s = 0, -w = 2*w + 5*s - 18. Suppose -418 = -w*o + 176. What are the prime factors of o?
3, 11
Let k(v) = v + 7. Let p be k(-7). Suppose -o + 6 = -p*o. Suppose -o*m + 161 = m. List the prime factors of m.
23
Suppose -3*o - v = 2*v - 21, 0 = 2*v - 10. Let j(n) = 3*n**2 + o + 10 + 4*n - 5 - 2*n**2. What are the prime factors of j(-6)?
19
Let m = -21 + 21. Suppose 0 = 3*g - 4*b - m + 2, -5*g + 2*b + 6 = 0. Let q = g + 8. List the prime factors of q.
2, 5
Let s(k) = -58*k**3 - 5*k**2 - 2*k + 10. List the prime factors of s(-3).
29, 53
Let a(k) be the third derivative of 2*k**4/3 - k**3/6 + 25*k**2. Let d be (2/(-8))/((-1)/8). What are the prime factors of a(d)?
31
Suppose 0 = -2*k + 1114 + 1364. List the prime factors of k.
3, 7, 59
Let f(r) = r**2 + 9*r - 15. Let w be f(-11). Suppose -w*j + 400 = -3*j. Suppose -4*a = 16 - j. List the prime factors of a.
3, 7
Let g(t) = -81*t + 853. List the prime factors of g(-61).
2, 2897
What are the prime factors of 4/(-6)*(-37047)/106?
233
Suppose 5*v + 5*j + 10 = 0, 0*j - 20 = -5*v + j. Suppose z = v*z + 2. What are the prime factors of (3*-5)/(z/3)?
3, 5
Suppose -23 = 3*j + 19. Let f = 41 + j. What are the prime factors of f?
3
Suppose 0 = -2*y + 7*y. Suppose y = z - 5*v + 17, v - 10 = 2*z - 3*v. Suppose m = -z*k + 4*m + 18, 0 = -3*m - 3. What are the prime factors of k?
5
Let c = 20 + 13. What are the prime factors of c?
3, 11
Let h = 2 - -3. Suppose 5*s + 25 = 0, h*a + 3*s - 114 = 281. List the prime factors of a.
2, 41
Suppose -b - b = 94. Let a(n) = -5*n**3 + 2*n**2 + 5*n - 5. Let w be a(3). Let j = b - w. What are the prime factors of j?
2, 3, 5
Let p(d) = 10*d**2 - 1 + 0*d - 2*d - 2*d + 2*d. Let j be p(-1). Let z = j - 6. What are the prime factors of z?
5
Suppose 15*q - 5103 = 567. List the prime factors of q.
2, 3, 7
Let g(r) = -2*r**2 + 61*r + 21. List the prime factors of g(25).
2, 37
Suppose 2*n - 6523 = -3*q, 0 = 4*n - 4*q - 5077 - 8019. What are the prime factors of n?
7, 467
Let w(y) = -y**2 - 8*y + 661. List the prime factors of w(0).
661
Suppose 7*b = 4*b - t + 868, -3*b + 876 = -3*t. Suppose 47*a = 49*a - b. List the prime factors of a.
5, 29
Let p = 602 - 180. List the prime factors of p.
2, 211
Let u be (4/(-6))/((-2)/6). Suppose 0 = -u*o - 13 + 19. Suppose o*y - 4*g - 52 = -1, 4*g = -12. List the prime factors of y.
13
Let h(n) be the first derivative of 1/4*n**4 - 5 + 3*n**2 + 5*n + 5/3*n**3. What are the prime factors of h(-3)?
5
Let s(w) = 44*w**2 + 16*w + 13. List the prime factors of s(6).
1693
Suppose 0 = 4*f + 2*o - 3*o - 19, -2*o = 5*f - 27. Suppose -3 + 1 = -y. Suppose -110 = y*t - 7*t + f*j, -3*t + 70 = -j. What are the prime factors of t?
2, 3
Suppose 2669 + 403 = 8*a. What are the prime factors of a?
2, 3
Let z(p) = 4*p - 30. Suppose -14 + 3 = -o. Let q(f) = -21*f + 150. Let c(v) = o*z(v) + 2*q(v). List the prime factors of c(20).
2, 5
Suppose j + 3 = 2*p, -3*j = -2*p - j + 2. Suppose p*f + f - 54 = 0. List the prime factors of f.
2, 3
Let n = -29 + 38. Suppose -n*f = -12*f + 111. List the prime factors of f.
37
Let b = -1675 - -4271. What are the prime factors of b?
2, 11, 59
Let l(v) be the first derivative of 2*v**3/3 - 21*v**2/2 - 10*v + 20. What are the prime factors of l(-6)?
2, 47
Let k = 33 - -431. Suppose -4*w = -172 - k. List the prime factors of w.
3, 53
Let d = 657 - 572. What are the prime factors of d?
5, 17
Let p be 109 - 1 - (-19)/((-190)/20). List the prime factors of p*1*6/12.
53
List the prime factors of 25 + (-5 - 42/(-7)).
2, 13
Suppose -4*i = -5*m - 2*i + 129, 3*m + i = 84. Let l = -330 + 335. Let z = m - l. List the prime factors of z.
2, 11
Let h be (-1)/(3 + (-736)/246). Let d = 248 + h. What are the prime factors of d?
5
Let p(h) = h - 12. Let b be p(9). Let k = b + 2. Let z(y) = -33*y + 2. List the prime factors of z(k).
5, 7
Let s(p) = 56*p**2 + 21*p + 62. What are the prime factors of s(-4)?
2, 19, 23
Let h(z) = -5*z + 25. Suppose 0 = -5*j - 3*p - 93, 4*j + 2*p - 10 + 86 = 0. What are the prime factors of h(j)?
2, 5, 13
Let i be (-2)/(-4) + 159/(-6). Let k be (i - -2)*(-3 + 2). Let u = k - 11. What are the prime factors of u?
13
Suppose -373*z + 5872 = -365*z. List the prime factors of z.
2, 367
Let p(n) = n**3 + 9*n**2 - n + 3. Let b be p(-9). Suppose 4*q - 4 = b. Suppose 5*v - 9 = -5*j + 1, -2*j - q*v = 0. List the prime factors of j.
2
Let c be (2 + 12)/(18/(-9)). What are the prime factors of (-4)/c - 10/(-7)?
2
Let v(b) be the second derivative of b**5/20 - b**4/4 + 5*b**3/3 - 5*b**2/2 - 19*b. Let g = 10 + -6. List the prime factors of v(g).
3, 17
Let t = -889 + 1576. What are the prime factors of t?
3, 229
Suppose 0 = l + 4*p - 1061, 3*l + 2*p - 2179 - 1054 = 0. What are the prime factors of l?
23, 47
Let z = 351 + -161. Suppose z = -6*t + 724. What are the prime factors of t?
89
Suppose -a = -0 - 5. Suppose -5*c + x + 330 = 0, a*c + 5*x - 215 - 115 = 0. What are the prime factors of c?
2, 3, 11
Let z(g) = -9*g**3 - 19*g**2 - 13*g - 8. What are the prime factors of z(-7)?
2239
Let f(l) = 70*l + 95. What are the prime factors of f(11)?
5, 173
Let r = -4619 + 7275. What are the prime factors of r?
2, 83
Suppose -5*l + l + 5*f + 37 = 0, 0 = -4*l - 5*f - 13. Let b be 2/l + 266/(-21). Let s(w) = -6*w - 20. What are the prime factors of s(b)?
2, 13
Let f(o) = 19*o**2 + 21*o - 7. Let c be f(5). List the prime factors of 4 + c/5 + 4/10.
7, 17
Let k be 4/(-22) - (48/(-44))/6. Suppose k = 23*m - 25*m + 52. List the prime factors of m.
2, 13
Let s = -4 + 7. Suppose 6 + 9 = t. Suppose -9 = -s*h - 3*n + t, -4*n - 33 = -h. List the prime factors of h.
13
Let h = -865 - -1382. What are the prime factors of h?
11, 47
Suppose a + 2*r = 86, -3*r 